test common factor of 35 and 13636.
7
Calculate the highest common factor of 3120 and 1.
1
What is the highest common divisor of 108300 and 276?
12
What is the greatest common factor of 312450 and 150?
150
Calculate the highest common factor of 1001 and 113659.
91
Calculate the greatest common divisor of 21339 and 39.
3
What is the highest common factor of 21376 and 33734?
334
Calculate the highest common divisor of 21 and 208761.
21
Calculate the greatest common factor of 4832 and 1120.
32
Calculate the greatest common factor of 8262 and 19683.
243
What is the greatest common factor of 391 and 1139?
17
Calculate the greatest common factor of 96 and 95376.
48
What is the greatest common factor of 75 and 619545?
15
Calculate the highest common divisor of 3217 and 2.
1
Calculate the highest common factor of 1485194 and 1126.
1126
What is the highest common factor of 42 and 3374?
14
Calculate the highest common factor of 1803 and 179699.
601
Calculate the highest common factor of 236 and 16166.
118
What is the greatest common divisor of 111 and 543?
3
Calculate the highest common divisor of 1224 and 4743.
153
Calculate the greatest common factor of 972 and 4356.
36
Calculate the greatest common factor of 2125 and 22219.
17
What is the greatest common divisor of 633830 and 10845?
1205
What is the highest common factor of 610 and 118140?
10
Calculate the greatest common divisor of 88 and 96668.
44
What is the greatest common factor of 77 and 6149?
11
What is the greatest common factor of 2228 and 564241?
557
Calculate the highest common factor of 335076 and 168.
84
Calculate the greatest common factor of 210 and 13965.
105
Calculate the greatest common divisor of 743536 and 16.
16
Calculate the highest common factor of 5136159 and 7.
7
What is the greatest common divisor of 2233616 and 176?
176
Calculate the greatest common divisor of 37 and 45621.
37
Calculate the greatest common divisor of 408 and 75816.
24
Calculate the greatest common factor of 363 and 4752.
33
What is the highest common factor of 70236 and 1152?
36
What is the greatest common factor of 702818 and 1016?
254
Calculate the highest common factor of 185 and 121.
1
What is the greatest common factor of 616554 and 144?
18
Calculate the greatest common divisor of 81741 and 33.
33
What is the highest common factor of 660 and 2816?
44
Calculate the greatest common divisor of 226249 and 122.
61
Calculate the highest common divisor of 597 and 201189.
597
What is the highest common divisor of 26070 and 870?
30
Calculate the highest common divisor of 1632 and 1045092.
204
Calculate the greatest common divisor of 105191 and 37.
37
Calculate the greatest common divisor of 3294 and 5598.
18
Calculate the greatest common divisor of 708 and 5847726.
354
What is the highest common divisor of 12212 and 80656?
284
Calculate the highest common factor of 7835774 and 446.
446
What is the greatest common factor of 1994 and 54?
2
What is the greatest common factor of 921956 and 3724?
532
What is the highest common factor of 589 and 2033?
19
What is the highest common factor of 4748410 and 282?
94
What is the greatest common factor of 2110296 and 23?
23
What is the highest common factor of 6688 and 209?
209
Calculate the greatest common factor of 18465 and 15.
15
Calculate the greatest common factor of 2346 and 3864.
138
What is the greatest common divisor of 8736 and 5404?
28
What is the greatest common divisor of 689766 and 924?
462
What is the highest common factor of 667760 and 4419?
491
Calculate the highest common divisor of 189 and 1178604.
189
Calculate the highest common factor of 4 and 5554.
2
Calculate the greatest common factor of 397 and 435509.
397
Calculate the greatest common divisor of 5455 and 1.
1
Calculate the greatest common factor of 133242 and 12.
6
What is the highest common divisor of 2387460 and 30?
30
Calculate the greatest common factor of 1764 and 189.
63
What is the highest common factor of 45 and 550755?
45
Calculate the greatest common factor of 370990 and 10.
10
Calculate the greatest common divisor of 17717 and 14.
7
What is the greatest common factor of 111961 and 824?
103
Calculate the greatest common factor of 493 and 2924.
17
What is the greatest common divisor of 13000 and 1768?
104
What is the greatest common divisor of 57845 and 7545?
2515
Calculate the greatest common divisor of 16310 and 210.
70
What is the highest common divisor of 224 and 190556?
4
Calculate the greatest common factor of 629 and 106301.
629
Calculate the greatest common divisor of 1323 and 13377.
147
Calculate the greatest common factor of 219 and 214766.
73
Calculate the highest common factor of 1918 and 123574.
274
What is the greatest common divisor of 12077 and 118912?
929
Calculate the highest common factor of 8918 and 125734.
98
Calculate the highest common divisor of 326180 and 2115.
235
Calculate the highest common divisor of 5882 and 3536.
34
Calculate the greatest common factor of 2142 and 17262.
126
Calculate the highest common divisor of 7278 and 63.
3
What is the highest common factor of 179289 and 693?
99
Calculate the greatest common divisor of 68547 and 876.
219
What is the greatest common factor of 29648 and 31280?
272
Calculate the greatest common factor of 13930 and 21770.
70
What is the greatest common factor of 748 and 2261204?
748
Calculate the highest common factor of 1845 and 3660.
15
Calculate the greatest common divisor of 117 and 85371.
39
Calculate the highest common factor of 51354 and 5346.
162
What is the greatest common divisor of 199910 and 10?
10
What is the greatest common divisor of 64116 and 1989?
117
Calculate the highest common factor of 308 and 1007314.
154
What is the greatest common factor of 21386 and 41?
1
What is the greatest common factor of 1373 and 1?
1
Calculate the highest common factor of 12960 and 2070.
90
What is the highest common divisor of 102 and 1317738?
102
What is the highest common divisor of 108 and 4084?
4
Calculate the highest common divisor of 66224 and 16.
16
What is the highest common divisor of 425175 and 450?
75
Calculate the highest common factor of 11223 and 3973.
29
What is the highest common factor of 241752 and 210?
42
What is the highest common divisor of 201745 and 9420?
785
What is the greatest common divisor of 2645 and 142255?
115
Calculate the highest common divisor of 520 and 155870.
130
Calculate the highest common factor of 360 and 70020.
180
Calculate the greatest common divisor of 28 and 242102.
14
What is the greatest common factor of 1918 and 221392?
274
What is the highest common factor of 3454 and 20410?
314
What is the highest common factor of 1496 and 56032?
136
Calculate the highest common factor of 232 and 1252568.
232
Calculate the highest common divisor of 175232 and 32.
32
What is the greatest common divisor of 20088 and 263736?
648
What is the highest common factor of 3632131 and 571?
571
What is the highest common divisor of 95453 and 848?
53
Calculate the highest common factor of 1 and 557044.
1
What is the highest common divisor of 592 and 16465?
37
What is the highest common divisor of 3905 and 22385?
55
What is the highest common divisor of 266874 and 798?
114
What is the highest common factor of 22331 and 411?
137
Calculate the highest common factor of 103224 and 5016.
264
Calculate the greatest common factor of 694680 and 840.
840
Calculate the highest common divisor of 1067 and 22310.
97
What is the greatest common factor of 86 and 3601723?
43
Calculate the greatest common factor of 393 and 240909.
393
Calculate the highest common divisor of 5324 and 8591.
121
Calculate the highest common divisor of 11 and 2673.
11
Calculate the greatest common divisor of 44515 and 5.
5
What is the highest common divisor of 2726448 and 48?
48
What is the highest common factor of 148371 and 57?
57
What is the highest common factor of 9065 and 925?
185
Calculate the highest common divisor of 34 and 300186.
34
What is the greatest common factor of 1090 and 4190?
10
What is the greatest common factor of 312 and 7068?
12
Calculate the highest common divisor of 3344 and 22000.
176
What is the greatest common factor of 1232 and 440?
88
Calculate the greatest common divisor of 1052 and 825294.
526
Calculate th